 - (-4 + 1)
3
0 - 1 - (18 + -3 - 11)
-5
What is the value of 2 + 2 + (-2 + 2 - 0)?
4
Evaluate -5 - (8 - (0 + -4 + 10)).
-7
Evaluate 4 - (2 + 2) - -5.
5
What is the value of -2 + (1 - 3) - -8?
4
Calculate 2 + (6 - 4) + (-4 - -1).
1
What is the value of 2 - (-4 - 1 - -5)?
2
What is (6 - (1 + (-2 - -4))) + -3?
0
What is the value of -2 + (0 - 2) - (-3 - 1)?
0
What is the value of 0 + 1 + 8 + -2 + -7?
0
0 + -4 - (-1 + -2 + 2)
-3
Calculate -2 - -1 - ((-3 - 0) + 1).
1
What is 3 + (-21 - -28 - (2 - -1))?
7
Calculate (-1 - 0) + 15 + -13 + 0.
1
Calculate (-5 - 3) + 0 - -3.
-5
What is the value of 2 + -6 + (3 - -5)?
4
Calculate (-5 - 0) + (-113 - -114).
-4
Calculate (-1 - 14) + -14 + 22.
-7
Calculate -138 + 119 - (0 + -10).
-9
What is 9 + -11 + (-1 - (-2 + -4))?
3
Calculate -11 - -3 - (0 + -3).
-5
(0 - -2) + -3 + 1
0
What is -2 - 1 - (-2 - (4 - -2))?
5
What is the value of -5 + 7 + -4 + -3?
-5
What is the value of -9 - 0 - (139 - 157)?
9
Evaluate -3 + -4 + 5 - (-1 - -1).
-2
What is the value of (1 - (0 + (-5 - -4))) + 1?
3
-1 + 3 + (-2 - -1) - 6
-5
Evaluate 0 + -7 + -1 + 5 + -3.
-6
Calculate -11 - (15 - 27) - (1 + 7).
-7
What is -8 + 16 + (0 - 4) - 3?
1
Calculate 5 + (-6 - -1) + 0.
0
Calculate -1 - (-1 + -1 + 2 + 0).
-1
Calculate (4 - 7) + 2 + -8 + 8.
-1
Calculate -2 + (-2 - -1) + 31 + -25.
3
Calculate -8 + 5 + 5 + -1.
1
What is the value of 6 - (2 + 1 + (-1 - -6))?
-2
Calculate 3 + -5 + 3 + 1 + -2.
0
What is -8 + -3 - ((-7 - -3) + -2)?
-5
Calculate (-3 - (-3 + 0)) + (3 - 2).
1
What is the value of (-2 - 0) + 11 + -21 + 13?
1
What is the value of (0 + -2 - -4) + 3?
5
-2 + 1 - (-7 - -3)
3
What is the value of -73 + 79 - (8 - 2)?
0
What is 0 - (7 + -1 + -6 + -1)?
1
What is (38 - 35) + -3 + 0 - -4?
4
Calculate (-1 - -3) + -2 + 5.
5
Evaluate 0 - (8 - (3 - 0)).
-5
What is 11 - 6 - 3 - 8?
-6
Evaluate (3 - 1) + (-8 - -8).
2
Evaluate (-4 - -2 - 3) + (11 - 13).
-7
Calculate 0 + -20 + 9 + 8.
-3
0 - (-1 - (-6 - (4 - 5)))
-4
0 + (-3 + -3 + 11 - 4)
1
-5 + 2 + -6 + 1 + 3
-5
What is the value of -4 - (1 + 2 - 3)?
-4
Evaluate -5 - -10 - (-5 + -1 + 6).
5
What is 3 - ((-18 - -21) + (1 - -3))?
-4
Calculate -6 - ((-8 - 5) + 6).
1
What is the value of 0 + 1 + -9 + 9 - -1?
2
What is the value of 0 + (-3 - -1) - (9 - 6)?
-5
What is 1 - (0 - (5 - (-8 - -7)))?
7
Evaluate 6 + -4 + -1 + -3.
-2
What is (-3 + 4 - 4) + (-1 - -1)?
-3
What is 1 - (-1 - (-5 - -11 - 5))?
3
What is 2 - -1 - (5 + (-2 - -2))?
-2
What is -2 + -3 + 6 - 2?
-1
Calculate -1 - (6 + -10 + (4 - -1)).
-2
Evaluate -1 - (12 - 8) - -6.
1
(-4 - (1 + 3 - 2)) + 1
-5
What is 3 + -8 + 4 - 0?
-1
Calculate (-10 + 10 - -4) + (-2 - 6).
-4
Calculate -2 + (-4 - -12 - 5).
1
What is the value of 14 + -15 + -2 + 1?
-2
Evaluate -2 + 2 + 22 + -25.
-3
What is the value of 2 - 6 - -8 - (9 - 8)?
3
What is the value of (6 - 5) + 5 + (0 - 1)?
5
4 - (5 + (0 - -2))
-3
Evaluate 0 - (0 + 4 - (23 - 25)).
-6
What is the value of 5 - (-3 - -9 - 0 - 0)?
-1
What is the value of 11 + -10 - (0 + 0 + -2)?
3
What is 3 - (0 + -1 + 3 + 3)?
-2
What is (-16 - -20) + (-1 - 4)?
-1
Calculate -5 + 4 - (3 + -6 - -7).
-5
What is (-5 - -4 - 8) + 3 + -1?
-7
(-6 - -2) + -28 + 37
5
Calculate (5 + 1 - 22) + 10.
-6
Evaluate (-4 - (-5 + -4)) + -3 + -4.
-2
Evaluate -16 + 1 + -4 + 12.
-7
Evaluate 6 - -1 - (3 - -3).
1
Calculate 7 + (0 - 1) + -4.
2
What is the value of (-3 + 14 + -4 - 2) + -1?
4
-8 - (11 + 0 + -15)
-4
What is the value of 2 - 3 - (8 + -4 + -2)?
-3
What is -12 + (18 - (-1 - -9))?
-2
Calculate 5 + -12 + 3 + 10 + -2.
4
Evaluate 11 + (-3 - -4) - 3.
9
(-2 - -1 - -4) + 10 + -16
-3
What is the value of 1 - 9 - (-222 + 207)?
7
What is -18 + 10 + 3 - 3?
-8
Calculate -3 - (-9 - -1) - (-3 + 4).
4
What is 5 + -2 - (5 + 0)?
-2
What is the value of -4 - ((-18 - -11) + 11)?
-8
What is the value of (10 - 3) + -7 + 8?
8
Calculate (-1 - (3 + -3 + 3)) + -1.
-5
What is -7 + -5 + 4 + 2 + 11?
5
What is (-3 - (-6 - 1)) + 0?
4
What is the value of (-2 - -5 - 1) + (3 - 5)?
0
Calculate (32 - 35) + (-1 - (-6 - 1)).
3
What is (1 - 13) + 6 - (1 + -14)?
7
Evaluate (0 - -2 - 4) + -2 + 9.
5
Evaluate 1 + 3 + -5 + 0 + 3.
2
Calculate 3 + (6 - 2 - 1).
6
What is (-55 - -60) + -7 + (0 - 0)?
-2
Calculate -7 + -3 + 0 + 4 - 1.
-7
What is -1 + (-5 + 11 - 1)?
4
What is 3 - 14 - (32 + -36)?
-7
What is the value of -1 - ((1 - -6 - 1) + -10)?
3
Evaluate -3 - (1 - 1 - 7) - -2.
6
What is the value of -2 + (-2 - -3) + -1 + -2?
-4
What is the value of 1 + -2 + 2 - 2?
-1
Calculate (-11 - (6 + -5 + -7)) + 7.
2
What is the value of -3 - (-4 + (4 - 5))?
2
(-5 - -1) + -4 + 6
-2
What is 0 - -7 - (-23 + 28)?
2
What is the value of 4 + -8 + (6 - 2)?
0
What is -5 - ((-5 - -12) + 1 + -21)?
8
What is 3 + (3 - 3 - -1)?
4
Calculate (5 - 12 - -2) + (-3 - -7).
-1
Evaluate (-3 - -1) + (6 - 4).
0
Calculate -11 + 8 + (-4 - (-1 + -1)).
-5
What is 1 - 9 - (-51 + 46)?
-3
4 + (-2 - (-3 + 4 + -2))
3
-1 - (-3 - (-2 - 1) - -3)
-4
Calculate -2 + -2 + (-2 - 3) + 9.
0
What is the value of (7 - 1) + (30 - 38)?
-2
What is (-8 - -8) + 1 + 3?
4
Calculate -2 + (3 - (3 + (-10 - -4))).
4
What is -2 + (3 - -3 - 0)?
4
Calculate (4 - 7) + 6 + -5.
-2
Calculate (6 - 11) + (12 - 2).
5
Calculate -11 + 1 + (16 - (10 - -3)).
-7
Calculate -1 + (-8 - (-8 + 4 - 0)).
-5
Evaluate (-20 - -25) + -3 + (-3 - -2).
1
What is -3 + -1 - (-5 + 4)?
-3
(-6 - 4) + 4 - -4
-2
What is the value of -3 - (4 - 3) - -1?
-3
Evaluate 1 + 2 + -5 + 0 + 3.
1
Calculate 1 + (13 - -1) + -18.
-3
Calculate -4 + (3 - -1) + -5.
-5
What is the value of -5 - (-4 + 5 + -2)?
-4
Evaluate (0 - -2) + 0 - (36 + -29).
-5
1 - (-1 + (-10 - -9))
3
What is -8 + (-6 - (-7 - 1))?
-6
1 - ((-4 - 0) + 2)
3
What is -2 + (-2 - -3) + 1 + 1?
1
Calculate 4 + 0 + 2 - (-5 - -7).
4
(-4 + 3 - 0) + -4 - -11
6
What is the value of 1 + 1 + 5 - (14 - 11)?
4
What is the value of -1 + -2 + 1 + -3?
-5
What is the value of 2 - (1 + 3) - (3 - 1)?
-4
Calculate -6 - ((14 - 20) + (2 - -7)).
-9
-5 + (4 - 1) - -3
1
Calculate 0 + 4 - (-135 + 144).
-5
What is the value of 10 + 0 + -5 + -6?
-1
(-2 - 0) + 7 - 1
4
Evaluate (-6 - -6) + (2 - (-3 - -1)).
4
Calculate 7 - ((4 - 3) + 7).
-1
Evaluate (-9 - -12) + (0 - -2) + -2.
3
What is 18 - 13 - (-1 - (1 - -1))?
8
What is (3 - (3 + -4)) + -1?
3
-4 + (-3 - -5) + (1 - 0)
-1
What is the value of -3 + 4 + 4 - 1?
4
What is -5 + (0 - -3 - 0) - 0?
-2
13 + 0 + -8 - (-3 + -1)
9
What is (-9 - (5 - 12)) + 0 + 7?
5
Calculate 17 + -25 - (-3 - 5).
0
(-5 - (-13 + 7)) + (-2 - 2)
-3
Calculate 8 - ((-4 - -13) + 3).
-4
Calculate (4 + -2 - (3 - 4)) + 2.
5
What is the value of (-1 - (-1 + 0)) + (-24 - -25)?
1
Evaluate -6 + ((8 - 4) + 2 - 6).
-6
Calculate -3 + (-3 + -1 + 6 - -3).
2
Calculate -13 - (-5 + -4) - (-2 - 2).
0
Evaluate -1 + (3 + -3 - -1).
0
What is -2 - 0 - (-3 + -5) - 13?
-7
What is the value of -12 - (-24 - -14) - (0 - -1)?
-3
Evaluate (-35 - (8 - 19)) + 14.
-10
Evaluate 4 + (-4 - -4) - -3 - 4.
3
What is (1 - 2) + (1 - -2)?
2
What is the value of -2 - (3 - (6 - 4))?
-3
What is 1 + -3 + -1 + -1?
-4
(4 - 3) + (2 - 0) + 3
6
Evaluate 6 - (6 - 7 - -7).
0
What is the value of 6 + -8 + 1 - -4 - 5?
-2
What is 2 + -8 + 14 + (-6 - 3)?
-1
Calculate 4 + -2 + 2 - 3.
1
Calculate 0 - -5 - (3 + -1).
3
What is -1 + (5 + -5 + 6 - 3)?
2
26 + -43 - (-10 + 0)
-7
What is the value of 2 + -2 + 9 - 4?
5
What is the value of -8 + 3 + 5 + 1 + 2?
3
Calculate 0 + 6 + -3 + -4.
-1
What is (1 - -15) + (22 - 10 - 18)?
10
(-1 - 5) + -4 + 8
-2
What is 1 + 6 + (2 - 5) + 0?
4
-7 - -5 - (-2 - (-1 - 3))
-4
What is the value of -3 - 1 - (-7 + (-1 - -2))?
2
What is 9 - -4 - 6 - 1?
6
39 - 30 - (-1 - -9)
1
What is -1 + 1 - (0 + -1 + 0)?
1
3 - (11 + -6 - -1)
-3
What is 1 - (12 + -8) - 3?
-6
What is the value of 14 - 15 - ((0 - -4) + 2)?
-7
Evaluate (15 - 2) + -4 + 7 + -9.
7
Evaluate -2 + -1 + 3 + 5.
5
What is the value of -2 - -13 - (-29 + 31)?
9
Evaluate (1 - -2) + (19 - 17).
5
2 - (0 - 6 - (-1 + -4))
3
Evaluate 1 + 3 + (6 - 13).
-3
Calculate -1 + (2 - 3) + 2.
0
What is the value of (0 - 3) + (5 - (1 - 0))?
1
-2 - ((-1 - -2) + 0 + 0)
-3
What is the value of (-11 + 1 - -6) + 1 + 1?
-2
Evaluate 3 - 6 - (-6 + 1 - -2).
0
What is -24 + 15 + 1 + 10?
2
What is the value of -5 - (-1 - -2) - (-4 - -4)?
-6
(27 - 24) + -6 + 2
-1
Calculate 1 - (3 - 7 - -2).
3
Calculate -2 + (-4 - -9) + (0 - 0).
3
-2 + (0 - (-2 + -3)) + -5
-2
Calculate -5 +